+ -1 + -2). Let n be 51*(-3)/(27/h). Let o(m) = -5*m + 6. Is 35 a factor of o(n)?
False
Let b(u) = -u. Let g(v) = -3*v + 16. Let f(z) = -4*b(z) + g(z). Let a be f(-11). Suppose -a*o + 68 = 2*d - o, -4*o = -20. Is 12 a factor of d?
True
Let f = 3549 + -999. Suppose -123 = -11*a + f. Is 27 a factor of a?
True
Suppose 3*b - o - 9 = 2*o, 0 = 2*b + 3*o - 16. Suppose 0*j - 100 = -b*j. Suppose 0 = -2*x + j - 0. Is x a multiple of 5?
True
Is 6 a factor of (8*(-9)/(-36))/((-2)/(-347))?
False
Let j = 3 + 13. Suppose -2*h = -7*h - 3*t - 32, -5*t - j = -h. Is (14/h)/((-3)/6) a multiple of 3?
False
Let i be (6*-1)/(30/(-680)). Suppose -i*d + 646 = -134*d. Is 32 a factor of d?
False
Let z(c) = c**3 + 13*c**2 - 9*c - 2. Is z(-11) a multiple of 2?
False
Let q(y) = -5*y + 93. Is 4 a factor of q(0)?
False
Let i(f) = 27*f**2 - 22*f - 16. Does 32 divide i(8)?
True
Let k(c) = -c**2 + 9*c. Let j = -21 - -39. Let a = -12 + j. Is k(a) a multiple of 6?
True
Suppose -4*x + 3 = -i, -2*x + 3*x = i - 3. Suppose x*u + 5*y - 143 = 0, 0*u + 250 = 4*u - 2*y. Is u a multiple of 6?
False
Let h be -1 + (-16)/(-2)*1. Let j be 19/h - 6/(-21). Suppose -j*x + 64 = x. Is 8 a factor of x?
True
Let t(m) be the third derivative of m**4/3 - m**3/2 - 3*m**2. Let p = 53 - 50. Is 7 a factor of t(p)?
True
Let n(h) = h**2 - 3*h + 4. Let g be n(2). Suppose -c + 74 = g. Is c a multiple of 24?
True
Let c(p) = -p**3 - 9*p**2 - 11*p + 9. Suppose g + 15 = 6. Does 36 divide c(g)?
True
Is ((-217)/(-21) - 7)*174 a multiple of 28?
False
Suppose -12*f = -17*f + 60. Let r(s) = s**3 - 13*s**2 + 13*s + 16. Is r(f) a multiple of 14?
True
Let w = 123 - 63. Is 12 a factor of w?
True
Let m be -5 + 3 + (-3 - -1). Let q(p) = 4*p**3 - 2*p**2 - p + 5. Let u be q(m). Is 18 a factor of ((-4)/(-6))/((-6)/u)?
False
Does 21 divide 6/12*-3*434/(-1)?
True
Suppose 0 = -0*c + c - 34. Is (1 + c)/(4/8*2) a multiple of 11?
False
Suppose -3*r + 0*r + 4850 = -5*y, 4*y = -3*r + 4868. Is r a multiple of 12?
True
Let g(c) = 3*c**3 + 4*c**2 + 12*c - 13. Let s(n) = -n**3. Let u(p) = -g(p) - 4*s(p). Is u(7) a multiple of 17?
False
Let y be 11 + -4 + 0 - 2. Let r = -1 + y. Suppose 0 = k + 2*a - 42, -k - r*a + 130 = 2*k. Does 20 divide k?
False
Let w be (2 + -3)*(4 - -111). Let l = w + 60. Let o = -34 - l. Is o a multiple of 6?
False
Let g(j) = 2*j - 12. Let p be g(-4). Let m = p - -87. Is 18 a factor of m?
False
Suppose -4*c - 1530 = -4554. Is c a multiple of 108?
True
Suppose 6*u = u + 25. Suppose -457 = -5*r + n, -105 = -r - u*n - 24. Does 13 divide r?
True
Suppose 0 = 2*w - j - 6, 0 = -2*w + 4*w - 2*j - 2. Suppose -130 = -3*g - 0*u + u, -w*g = -3*u - 210. Suppose -4*l + 269 = g. Does 17 divide l?
False
Let n(t) = -t**2 - 59*t - 320. Does 4 divide n(-52)?
True
Is -6*(6/5)/(126/(-20300)) a multiple of 29?
True
Let p = 485 - 245. Is p a multiple of 15?
True
Suppose -2*i = 3*s + 12, s = -0*s - 4*i - 14. Let x be (-70)/5*1/s. Is 33/x + (-12)/(-42) a multiple of 5?
True
Let u(t) = 2*t**2 - 14*t + 17. Let c be u(6). Suppose -c*n + 2*z + 905 = 0, 0 = -n + z + 159 + 19. Is 20 a factor of n?
False
Suppose -14*j - 704 = -15*j. Is 15 a factor of j?
False
Let b = 47 + -32. Suppose 3*j = 4*m + 2*j - b, 0 = -m - 5*j + 9. Let f = 35 + m. Is 13 a factor of f?
True
Let m(k) = -8*k + 507. Is m(-8) a multiple of 8?
False
Let h(c) = 125*c**3 - c**2 + c - 1. Let b = -20 + 21. Is h(b) a multiple of 37?
False
Suppose 5*h - 2*x + 20 = 0, 3*h + 4*x - 2*x = -12. Does 34 divide 1224/(-18)*5*2/h?
True
Suppose 117 = -4*g + t, -g + 0*t = 2*t + 36. Suppose -5*s + 6*s - 4*k + 49 = 0, 3*s - k + 125 = 0. Let i = g - s. Is i a multiple of 3?
False
Let s = 55 + 138. Is 27 a factor of s?
False
Suppose -y + 7 = -0*y. Let f = -8 + y. Let s = f - -12. Does 11 divide s?
True
Is 13 a factor of 5/4 + -2 - 477/(-12)?
True
Let c = -22 - -34. Is ((-1 + 0)*c)/(-2) a multiple of 3?
True
Suppose 0 = -5*u - 0 + 10. Suppose 6*j - 3*n = u*j + 457, -j = n - 123. Suppose -j = -5*y + 32. Does 10 divide y?
True
Let i(b) = 75*b + 204. Does 6 divide i(0)?
True
Suppose 0 = 5*y + 89 - 139. Does 5 divide 1*(y - (2 - -1))?
False
Suppose 3*y - 4*y = -5*c + 22, 122 = -3*y + c. Does 34 divide (-12 - 3/3)*y/7?
False
Let b = 18 + -16. Suppose -14 = -4*y - b. Is 18 a factor of ((-26)/(-2))/(1/y)?
False
Let h(s) = s**3 + 4*s**2 - 2*s. Let o be h(-3). Suppose -3*z + 114 = -o. Suppose -2*c + z = -41. Is c a multiple of 6?
True
Let w be (334 + 2/1)/(3 - 2). Suppose 5*f + w = 4*g, g = 6*g + 3*f - 457. Does 12 divide g?
False
Does 8 divide (-159 - 7)/(14/(-112))?
True
Let b(a) = -2*a**2 - a**2 + 13*a - 20 + 16 + 6*a**2. Does 8 divide b(-6)?
False
Suppose 5*j + 19 = 3*a, j + 2*a = 3*a - 3. Let u(w) = -w**3 - 5*w**2 - 2*w + 2. Does 5 divide u(j)?
False
Let c(z) = 2*z**3 + 2*z - 6. Let f be c(4). Suppose 0*g - 5*g + f = 0. Is g a multiple of 11?
False
Suppose 4*o + 3*h + 9 = 2*o, -4*o + 3 = -h. Suppose j - 2*j - 2 = o. Does 5 divide j/(-4) - (-252)/8?
False
Is (-35)/35*(-29)/1 a multiple of 2?
False
Let i be -3 + 3 + -2 + 4. Suppose -i*b - 2*b = -336. Does 22 divide b?
False
Suppose 2*g = -2*w + 396, 0*w + 5*w = 2*g - 424. Is 30 a factor of g?
False
Let y(i) = 2*i**3 - 2*i**2 - 2*i + 1. Let u be y(2). Suppose -210 = -u*w + 370. Is 27 a factor of w?
False
Is 39 a factor of -5*(7036/20)/(-1)?
False
Suppose -459 = -7*i + 248. Is 5 a factor of i?
False
Does 158 divide (-5)/35 + (-464550)/(-210)?
True
Let i(o) = -27*o - 27. Does 36 divide i(-21)?
True
Let k(d) be the third derivative of -1/20*d**5 + 1/120*d**6 - 1/2*d**3 + 1/4*d**4 + 0*d + 0 - 6*d**2. Is 12 a factor of k(4)?
False
Let j(b) = -b + 20. Is 3 a factor of j(-36)?
False
Let j = -1394 + 1615. Is j a multiple of 10?
False
Let g(j) = -j**3 + 19*j**2 + 20*j + 6. Let a be g(20). Suppose -m - 3*w - 167 = 0, -3*m + 2*w = a*w + 511. Let y = m + 253. Is 23 a factor of y?
False
Let a be (1 - 2855/(-15)) + 2/3. Let v = a + -115. Is 21 a factor of v?
False
Let r(q) = -5*q - 15. Let g be r(-4). Suppose g*s - 70 = 3*s. Is s a multiple of 3?
False
Suppose 1316 = -s - 980. Is 4/(-18) + s/(-126) a multiple of 3?
True
Let i(j) be the first derivative of j**4/4 + 4*j**3/3 - 13*j**2/2 - j + 11. Let s be i(-6). Suppose -5*h + 0*h + 130 = s*g, -5*h = 2*g - 61. Does 4 divide g?
False
Suppose -5*z = 3*n + 2, 2*n - z - 16 = -0*z. Suppose 5*s = 2*s + n. Is 9 a factor of (-3 + -6)/(s/(-4))?
True
Suppose -5*c = -3*y, 0 = -4*c - 0*c - y. Suppose -3*b - 4*x + 707 = c, -5*b + b - 2*x + 946 = 0. Does 29 divide b?
False
Suppose -5376 = -4*j - a, -10*j + 5*j + 6720 = 4*a. Is 48 a factor of j?
True
Let o = 183 - 44. Suppose 5*w - w = 3*c + 561, 2*c = w - o. Suppose 0 = 4*u - 5*z - w, 0 = 2*u - u + 2*z - 45. Is u a multiple of 5?
False
Let l be 567/18*4/3. Suppose 18 = 3*g - l. Is g a multiple of 9?
False
Let k(h) = 22*h**3 - 2*h - 2. Let f be k(-1). Let q = f - -31. Let a = 22 + q. Is 16 a factor of a?
False
Let g(o) = o**2 + 53*o - 440. Does 63 divide g(34)?
False
Suppose -9180 = -8*m - m. Is 10 a factor of m?
True
Is 5 a factor of 32/(-48) + (0 - (-12224)/12)?
False
Let h be ((-50)/15)/((-3)/9). Suppose -53 = 3*y + h. Let a = y + 37. Is 16 a factor of a?
True
Let d = 49 - 50. Does 4 divide (0 - d) + -1 - -12?
True
Let a = 574 + -350. Is 28 a factor of a?
True
Let z = -36 - -89. Is 13 a factor of z?
False
Suppose -a + 30 = -5*l, 5*l + 2*a + 3*a = -60. Is 5 a factor of 376/7 + ((-6)/l)/3?
False
Is 15 a factor of (5 + 2)*16380/294?
True
Is (-6)/(-7) + 155072/56 a multiple of 51?
False
Let h(x) = -x**2 - x - 2. Let m be h(2). Let g = -2 - m. Is 2/6 - (-82)/g a multiple of 7?
True
Let n(l) be the first derivative of -45*l**2/2 + 17. Does 45 divide n(-5)?
True
Suppose 0 = -9*k + 7*k + 620. Does 10 divide k?
True
Let v(p) = 3 - 2*p + 2*p - p. Let k be v(7). Is 4 a factor of (-49)/k - (-9)/12?
False
Let m(g) = -g**3 + 26*g**2 - 44*g - 49. Is 70 a factor of m(22)?
False
Let j(c) = c - 1. Let q(o) = -2*o**2 + 4*o + 2. Let s(n) = 4*j(n) - q(n). Is 17 a factor of s(-6)?
False
Suppose -26*j = -21*j + 20. Let h(v) = v**3 + 3*v**2 - 7*v - 2. Is 5 a factor of h(j)?
True
Is 428 + (-3 - 1*(3 - 8)) a multiple of 43?
True
Let h be -274*-2*1/4. Let n = h - 67. Suppose -5*r + 82 = x, -4*r = r - 5*x - n. Is r a multiple of 8?
True
Let t(s) be the first derivative of s**3/3 + 15*s**2/2 + 44*s + 30. Is t